{"id":8,"date":"2024-06-19T21:17:31","date_gmt":"2024-06-19T21:17:31","guid":{"rendered":"http:\/\/agnp.net\/?page_id=8"},"modified":"2024-06-19T21:17:31","modified_gmt":"2024-06-19T21:17:31","slug":"pri-nia-asocio","status":"publish","type":"page","link":"https:\/\/agnp.net\/","title":{"rendered":"Pri Nia Asocio"},"content":{"rendered":"\n<div class=\"wp-block-group alignfull has-accent-background-color has-background has-global-padding is-layout-constrained wp-container-core-group-is-layout-669513ed wp-block-group-is-layout-constrained\" style=\"margin-top:0;margin-bottom:0;padding-top:var(--wp--preset--spacing--50);padding-right:var(--wp--preset--spacing--50);padding-bottom:var(--wp--preset--spacing--50);padding-left:var(--wp--preset--spacing--50)\">\n<div class=\"wp-block-columns alignwide is-layout-flex wp-container-core-columns-is-layout-1da03c2a wp-block-columns-is-layout-flex\">\n<div class=\"wp-block-column is-vertically-aligned-stretch is-layout-flow wp-block-column-is-layout-flow\" style=\"flex-basis:50%\">\n<div class=\"wp-block-group is-vertical is-content-justification-stretch is-layout-flex wp-container-core-group-is-layout-444d5ee8 wp-block-group-is-layout-flex\" style=\"min-height:100%\">\n<p class=\"has-heading-font-family has-large-font-size\" style=\"line-height:1.2\"><strong>Asocio por Globa Nova Projekto<\/strong> estas internacia organizo dedi\u0109ita al la kunlaboro inter radioamatoroj por krei kaj subteni malferman kaj tutmondan reton de ciferecaj komunikoj. Nia celo estas anta\u016denigi novigajn projektojn, plibonigi la gvidadon kaj kompetentecon de amatoroj, kaj faciligi la inter\u015dan\u011don de scioj kaj rimedoj tra la mondo. Ni kredas je la potenco de komuna klopodo por atingi grandajn celojn kaj kontribui al la progreso de ciferecaj teknologioj por \u0109iuj.<\/p>\n<\/div>\n<\/div>\n\n\n\n<div class=\"wp-block-column is-vertically-aligned-center is-layout-flow wp-block-column-is-layout-flow\" style=\"flex-basis:50%\">\n<figure class=\"wp-block-gallery has-nested-images columns-default is-cropped wp-block-gallery-2 is-layout-flex wp-block-gallery-is-layout-flex\">\n<figure class=\"wp-block-image size-large is-style-rounded is-style-rounded--1\"><img loading=\"lazy\" decoding=\"async\" width=\"683\" height=\"1024\" data-id=\"10\" src=\"http:\/\/agnp.net\/wp-content\/uploads\/2024\/06\/DSC_0079-683x1024.jpg\" alt=\"\" class=\"wp-image-10\" style=\"aspect-ratio:3\/4;object-fit:cover\" srcset=\"https:\/\/agnp.net\/wp-content\/uploads\/2024\/06\/DSC_0079-683x1024.jpg 683w, https:\/\/agnp.net\/wp-content\/uploads\/2024\/06\/DSC_0079-200x300.jpg 200w, https:\/\/agnp.net\/wp-content\/uploads\/2024\/06\/DSC_0079-768x1152.jpg 768w, https:\/\/agnp.net\/wp-content\/uploads\/2024\/06\/DSC_0079-1024x1536.jpg 1024w, https:\/\/agnp.net\/wp-content\/uploads\/2024\/06\/DSC_0079-1365x2048.jpg 1365w, https:\/\/agnp.net\/wp-content\/uploads\/2024\/06\/DSC_0079-scaled.jpg 1707w\" sizes=\"auto, (max-width: 683px) 100vw, 683px\" \/><\/figure>\n<\/figure>\n<\/div>\n<\/div>\n<\/div>\n","protected":false},"excerpt":{"rendered":"<p>Asocio por Globa Nova Projekto estas internacia organizo dedi\u0109ita al la kunlaboro inter radioamatoroj por krei kaj subteni malferman kaj tutmondan reton de ciferecaj komunikoj. Nia celo estas anta\u016denigi novigajn projektojn, plibonigi la gvidadon kaj kompetentecon de amatoroj, kaj faciligi la inter\u015dan\u011don de scioj kaj rimedoj tra la mondo. Ni kredas je la potenco de [&hellip;]<\/p>\n","protected":false},"author":1,"featured_media":0,"parent":0,"menu_order":0,"comment_status":"closed","ping_status":"closed","template":"","meta":{"footnotes":""},"class_list":["post-8","page","type-page","status-publish","hentry"],"_links":{"self":[{"href":"https:\/\/agnp.net\/index.php?rest_route=\/wp\/v2\/pages\/8","targetHints":{"allow":["GET"]}}],"collection":[{"href":"https:\/\/agnp.net\/index.php?rest_route=\/wp\/v2\/pages"}],"about":[{"href":"https:\/\/agnp.net\/index.php?rest_route=\/wp\/v2\/types\/page"}],"author":[{"embeddable":true,"href":"https:\/\/agnp.net\/index.php?rest_route=\/wp\/v2\/users\/1"}],"replies":[{"embeddable":true,"href":"https:\/\/agnp.net\/index.php?rest_route=%2Fwp%2Fv2%2Fcomments&post=8"}],"version-history":[{"count":1,"href":"https:\/\/agnp.net\/index.php?rest_route=\/wp\/v2\/pages\/8\/revisions"}],"predecessor-version":[{"id":11,"href":"https:\/\/agnp.net\/index.php?rest_route=\/wp\/v2\/pages\/8\/revisions\/11"}],"wp:attachment":[{"href":"https:\/\/agnp.net\/index.php?rest_route=%2Fwp%2Fv2%2Fmedia&parent=8"}],"curies":[{"name":"wp","href":"https:\/\/api.w.org\/{rel}","templated":true}]}}